ctor of 411714?
False
Does 51 divide 237114?
False
Does 110 divide 419799?
False
Does 62 divide 72354?
True
Is 104 a factor of 580328?
False
Is 115196 a multiple of 62?
True
Is 89 a factor of 742946?
False
Is 4 a factor of 128610?
False
Is 53236 a multiple of 14?
False
Is 1235660 a multiple of 5?
True
Is 201 a factor of 232758?
True
Is 11 a factor of 1840520?
True
Does 20 divide 78983?
False
Is 7974722 a multiple of 3?
False
Is 461695 a multiple of 65?
True
Does 351 divide 304668?
True
Is 179 a factor of 77083?
False
Is 13 a factor of 1480955?
False
Is 56 a factor of 9973309?
False
Is 191 a factor of 5482273?
True
Is 117 a factor of 1901232?
False
Is 18 a factor of 7871706?
True
Does 314 divide 81954?
True
Is 1260882 a multiple of 126?
True
Does 14 divide 24222870?
True
Is 7 a factor of 136010?
True
Is 1667 a factor of 21037540?
True
Is 28 a factor of 2865?
False
Does 10 divide 1567369?
False
Does 37 divide 35224?
True
Is 2486750 a multiple of 14?
True
Is 75387 a multiple of 13?
True
Is 94401 a multiple of 1337?
False
Is 163 a factor of 2720470?
True
Is 135 a factor of 34965?
True
Is 45 a factor of 142785?
True
Does 8 divide 399678?
False
Is 6 a factor of 191479?
False
Is 188192 a multiple of 16?
True
Is 71694 a multiple of 63?
True
Is 238153 a multiple of 17?
True
Is 69 a factor of 6830241?
True
Is 45392 a multiple of 7?
False
Does 69 divide 277422?
False
Is 231925 a multiple of 983?
False
Is 2085877 a multiple of 19?
True
Is 207 a factor of 71829?
True
Is 86 a factor of 37969?
False
Does 1310 divide 3147930?
True
Is 801 a factor of 504630?
True
Is 4 a factor of 1781287?
False
Is 33554 a multiple of 38?
True
Does 2 divide 49677?
False
Is 134 a factor of 201670?
True
Does 1242 divide 3221748?
True
Is 242 a factor of 999871?
False
Is 2261399 a multiple of 347?
True
Is 1239536 a multiple of 480?
False
Is 119 a factor of 11014?
False
Is 582134 a multiple of 6?
False
Is 27 a factor of 458595?
True
Is 297 a factor of 141391?
False
Does 306 divide 99322?
False
Is 8 a factor of 498080?
True
Is 672552 a multiple of 24?
True
Is 14 a factor of 9362?
False
Is 1813648 a multiple of 526?
True
Is 21015 a multiple of 6?
False
Is 3064460 a multiple of 265?
True
Does 206 divide 306463?
False
Is 1335423 a multiple of 684?
False
Is 2504597 a multiple of 25?
False
Does 128 divide 162432?
True
Does 6 divide 2695098?
True
Is 154660 a multiple of 22?
True
Is 2645325 a multiple of 29?
False
Does 162 divide 261875?
False
Is 4645101 a multiple of 38?
False
Does 22 divide 990993?
False
Does 3 divide 3158583?
True
Does 14 divide 6563298?
True
Is 11 a factor of 37026?
True
Is 4 a factor of 3317777?
False
Is 21168 a multiple of 252?
True
Does 60 divide 157680?
True
Is 2 a factor of 16533?
False
Does 267 divide 156466?
False
Does 9 divide 2271726?
True
Is 592 a factor of 203648?
True
Is 3 a factor of 202064?
False
Is 281 a factor of 769701?
False
Is 2286020 a multiple of 55?
True
Is 103 a factor of 9953282?
False
Is 445135 a multiple of 86?
False
Does 191 divide 212434?
False
Is 677180 a multiple of 66?
False
Is 347464 a multiple of 257?
True
Is 156 a factor of 14461044?
True
Is 19 a factor of 420149?
False
Is 353 a factor of 8177608?
False
Is 409626 a multiple of 9?
True
Is 2 a factor of 7841?
False
Is 3011893 a multiple of 241?
False
Is 2670475 a multiple of 10?
False
Is 23 a factor of 91198?
False
Is 192 a factor of 418517?
False
Is 29 a factor of 150916?
True
Is 2 a factor of 2269?
False
Does 82 divide 98187?
False
Is 828 a factor of 4266959?
False
Does 32 divide 475151?
False
Is 1398599 a multiple of 769?
False
Does 20 divide 492823?
False
Does 584 divide 943516?
False
Is 559 a factor of 414778?
True
Is 13227990 a multiple of 10?
True
Is 828698 even?
True
Is 35 a factor of 1142061?
False
Is 5351505 a multiple of 21?
False
Does 105 divide 201180?
True
Is 11 a factor of 572480?
False
Does 311 divide 146792?
True
Does 57 divide 4584966?
True
Does 8 divide 3332768?
True
Is 16 a factor of 1408?
True
Is 160 a factor of 415200?
True
Is 234 a factor of 69264?
True
Is 866458 a multiple of 5?
False
Does 45 divide 170820?
True
Does 212 divide 665468?
True
Is 12236 a multiple of 38?
True
Is 125 a factor of 213666?
False
Does 35 divide 2975?
True
Is 1467740 a multiple of 588?
False
Does 165 divide 67155?
True
Does 25 divide 174381?
False
Is 3 a factor of 278?
False
Does 23 divide 2010614?
True
Is 8659 a multiple of 94?
False
Is 1416493 a multiple of 23?
False
Is 7 a factor of 1854174?
True
Does 793 divide 349713?
True
Is 7 a factor of 165970?
True
Is 20 a factor of 3698480?
True
Does 6 divide 3637456?
False
Is 5377 a multiple of 5?
False
Is 3316549 a multiple of 10?
False
Is 109340 a multiple of 355?
True
Is 2699771 a multiple of 30?
False
Is 13 a factor of 18878?
False
Is 129095 a multiple of 2?
False
Is 1683622 a multiple of 43?
True
Does 255 divide 10796438?
False
Does 17 divide 54213?
True
Is 4 a factor of 1752644?
True
Does 7 divide 5146757?
True
Is 2178264 a multiple of 669?
True
Is 1072721 a multiple of 19?
True
Is 17 a factor of 114292?
False
Is 10338808 a multiple of 63?
False
Is 540037 a multiple of 84?
False
Is 62 a factor of 148800?
True
Does 22 divide 269126?
True
Does 24 divide 7569744?
True
Is 127968 a multiple of 24?
True
Does 148 divide 4909635?
False
Does 31 divide 7009410?
True
Is 403 a factor of 417337?
False
Does 33 divide 250213?
False
Does 1068 divide 2744760?
True
Is 10 a factor of 163443?
False
Does 3 divide 5967?
True
Is 69500 a multiple of 43?
False
Is 38684 a multiple of 7?
False
Is 151 a factor of 31797?
False
Does 47 divide 35673?
True
Is 1586079 a multiple of 37?
True
Is 258 a factor of 2930106?
True
Is 6 a factor of 124750?
False
Is 1831214 a multiple of 79?
False
Does 15 divide 102225?
True
Does 1517 divide 4577569?
False
Is 46 a factor of 223652?
True
Is 227844 a multiple of 502?
False
Is 218134 a multiple of 31?
False
Does 46 divide 406766?
False
Does 34 divide 1416035?
False
Does 37 divide 16584806?
True
Is 33 a factor of 1126457?
False
Is 1255587 a multiple of 159?
False
Does 11 divide 204303?
True
Is 352506 a multiple of 246?
False
Is 15 a factor of 4639?
False
Does 19 divide 772612?
False
Does 121 divide 1433301?
False
Does 14 divide 24084?
False
Is 62 a factor of 375534?
True
Does 461 divide 371810?
False
Does 16 divide 5732368?
True
Is 75026 a multiple of 23?
True
Does 589 divide 56906?
False
Is 9300 a multiple of 150?
True
Is 394446 a multiple of 507?
True
Is 20709 a multiple of 59?
True
Is 559742 a multiple of 202?
True
Is 7939999 a multiple of 4?
False
Is 8180885 a multiple of 430?
False
Is 2629880 a multiple of 172?
True
Does 482 divide 2240279?
False
Is 303543 a multiple of 73?
False
Is 21 a factor of 80384?
False
Is 37638 a multiple of 379?
False
Is 50 a factor of 55950?
True
Is 139 a factor of 469101?
False
Does 11 divide 2990064?
True
Is 14553 a multiple of 231?
True
Does 92 divide 1240687?
False
Is 1899184 a multiple of 401?
False
Is 338 a factor of 550940?
True
Is 2923424 a multiple of 32?
True
Is 268065 a multiple of 21?
True
Is 23940844 a multiple of 855?
False
Does 10 divide 270710?
True
Is 21 a factor of 326256?
True
Is 876935 a multiple of 265?
False
Is 23 a factor of 792787?
True
Does 21 divide 312774?
True
Does 134 divide 317714?
True
Is 440220 a multiple of 460?
True
Is 737701 a multiple of 241?
True
Is 49 a factor of 181496?
True
Does 6 divide 731893?
False
Does 21 divide 4509120?
True
Is 151 a factor of 42594?
False
Is 7 a factor of 277014?
False
Is 71 a factor of 1464769?
False
Does 39 divide 22815?
True
Is 2584612 a multiple of 398?
True
Is 32 a factor of 631955?
False
Does 799 divide 3403918?
False
Is 11 a factor of 558012?
False
Is 820132 a multiple of 88?
False
Does 249 divide 9212502?
True
Is 5045887 a multiple of 441?
False
Is 49 a factor of 889546?
True
Is 14 a factor of 1624126?
True
Does 9 divide 193836?
False
Is 760494 a multiple of 133?
True
Is 484185 a multiple of 15?
True
Is 4 a factor of 1063198?
False
Is 37 a factor of 181635?
False
Does 6 divide 5029328?
False
Is 131 a factor of 105089?
False
Is 1265 a factor of 13419120?
True
Is 8 a factor of 421224?
True
Is 12837424 a multiple of 141?
False
Does 37 divide 2706775?
False
Does 618 divide 223650?
False
Is 279906 a multiple of 33?
True
Is 12 a factor o